t v be m(2). Suppose -v + 55 = h. Calculate the greatest common divisor of 152 and h.
38
Let a be (18/9)/(-8) - 91932/(-48). Calculate the highest common divisor of 10 and a.
5
Suppose 3*h - 18 = 4*a, 2 = 3*h - a - 7. Suppose 0 = 2*l - 5*g - 156, h*l - 3*g + 59 = 223. What is the greatest common factor of 11 and l?
11
Let d(h) = 61*h - 339. Let l be d(7). What is the highest common divisor of l and 2618?
22
Let g be (-3)/(-1) + -2 + 4/(-4). Suppose 16*n + 2073 = 5*c + 19*n, -c + 3*n + 411 = g. What is the highest common divisor of c and 46?
46
Let r = 442 + -287. Let c(d) be the second derivative of -d**3/6 + 24*d**2 - 4*d - 3. Let l be c(-14). What is the greatest common divisor of l and r?
31
Let o(l) = -8*l + 15. Let n be o(5). Let f = n + 41. Let z = -4 + f. What is the highest common divisor of 108 and z?
12
Suppose -2*d = -3*z + 5, -6*z = -4*z - 4*d + 10. Let t(o) = 11*o**2 + 7*o - 68. Let r be t(z). Calculate the highest common factor of 44 and r.
22
Let l be (-6 + 8)/((-2)/(-16)). Suppose -15*z + 104 = -l. What is the greatest common factor of z and 64?
8
Let u be 1074/15 + 3/(60/8). Suppose -5*b - 80 = -k, 5*k - 46 = 3*b + 354. Let r = -44 + k. Calculate the highest common divisor of r and u.
36
Let i be (-10968)/(-5)*2405/1924. Calculate the highest common factor of i and 30.
6
Let s be 180/(-990) - 1588/(-22). Calculate the highest common factor of 2424 and s.
24
Let i = -362 - -758. Calculate the highest common divisor of 121 and i.
11
Let t = -6347 + 6875. Calculate the greatest common divisor of t and 144.
48
Let g(f) = 54*f**3 - 8*f**2 - 13*f - 7. Let q be g(-2). Let t = 450 + q. Let b(x) = 39*x + 2. Let c be b(2). What is the greatest common factor of t and c?
5
Let c be (-12 + (-570)/(-35))/(180/56 - 3). What is the greatest common factor of 17260 and c?
20
Suppose -24 = -8*o + 2*o. Suppose o*k = k - 102. Let p = 43 + k. What is the highest common factor of 6 and p?
3
Let w = 363 + -347. Suppose 0 = 12*a - w*a + 1120. What is the highest common factor of a and 56?
56
Let q(s) = -s**3 + 172*s**2 + 10*s - 1704. Let k be q(172). Calculate the greatest common divisor of k and 280.
8
Let k be 108/(9/(-3))*4*26/(-6). Calculate the highest common factor of k and 552.
24
Let c = -3319 + 3459. Calculate the greatest common divisor of c and 6440.
140
Let l = 19951 + -12895. Let y be l/324 - 6/(-27). Calculate the highest common factor of 231 and y.
11
Let f(l) = l**2 + 816*l + 5717. Let o be f(-7). Calculate the highest common factor of o and 1035.
9
Let r be (1/(-1))/((-10)/2150). Let z = -186 + r. Calculate the highest common divisor of 145 and z.
29
Suppose 2*f = 3*f - 21. Let p = -20 - -42. Suppose p*g = f*g + 7. Calculate the greatest common factor of g and 1.
1
Suppose 0*d - 2*k = -3*d + 216, -4*k = 12. Suppose h = -3*a + 459, d = 2*h + 2*a - 852. What is the greatest common divisor of h and 42?
42
Let z be 38 - (1 + (-1)/(-1)). Suppose -z = -12*f + 8*f. Suppose -3*h + f*h = 384. Calculate the highest common divisor of h and 8.
8
Let g(r) = 52*r**3 - 10*r**2 + 25*r + 19. Let p be g(4). Calculate the highest common factor of p and 1211.
173
Let m be -5 + -4*(-45)/20. Suppose -m*b + 84 = 12. Calculate the highest common divisor of 198 and b.
18
Let c(s) = 2*s**2 - 15*s - 133. Let y be c(19). What is the highest common divisor of 96 and y?
16
Suppose 10*r + 3*f = 7*r + 1230, -r = 4*f - 413. Let s = -376 + r. Let l(q) = 12*q**2 - 3. Let k be l(-5). Calculate the highest common divisor of s and k.
33
Suppose -452360 = -101*q - 336*q - 199*q - 679*q. Suppose -5*m + 200 = 3*w, -m + 29 = 2*w - 4. Calculate the greatest common factor of m and q.
43
Let v be ((-106)/(-6) + 3)/((-28)/(-2436)). Calculate the highest common divisor of 58 and v.
58
Let q(c) = -307*c - 7 + 287*c - 9*c**2 + 0*c**3 + c**3. Let j be q(11). Calculate the highest common divisor of j and 240.
15
Let u(a) = a**3 - 8*a**2 - 2*a - 13. Let m be u(7). Let g be (-106 - m)/(3/(-26)). Calculate the highest common factor of g and 26.
26
Suppose -4*j - 5*x + 17910 = 0, -4*j - 263*x + 264*x = -17922. Calculate the greatest common factor of 20 and j.
20
Let z = 86 + -30. Let i = -14 + 17. Suppose i*q + r - 73 = 9, -5*q = -2*r - 144. What is the highest common divisor of q and z?
28
Suppose 6624 - 35185 = -3*k + 2*a, 0 = -4*k + 2*a + 38080. What is the highest common divisor of 38 and k?
19
Suppose -767*v = -778*v + 792. Let u = 278 - 44. Calculate the highest common divisor of v and u.
18
Let z(t) = -t. Let u(x) = 26*x + 14. Let y(g) = -u(g) - 10*z(g). Suppose 7*h = 5*h - 8. Let k be y(h). What is the highest common divisor of k and 20?
10
Let m = -8538 - -11188. Calculate the greatest common divisor of m and 200.
50
Let g(p) = 1386*p**2 + 11. Let v be g(1). Calculate the greatest common divisor of v and 11.
11
Suppose -51 = 5*k + 44. Let q(c) = c - 3. Let d(r) = -1. Let f(o) = -3*d(o) - q(o). Let j be f(k). Calculate the highest common divisor of 100 and j.
25
Let a(o) = o**3 - 17*o**2 - 43*o + 152. Let s be a(22). What is the greatest common divisor of 6 and s?
6
Let q(i) = 9*i**2 + 24*i - 9. Let n be q(-7). Suppose -4*z = 3*w - 264, 19*w = -z + 14*w + 66. What is the highest common factor of n and z?
66
Let o be ((-18012)/(-7505))/(((-6)/(-2260))/1). What is the greatest common factor of 32 and o?
8
Suppose -2*v + 436 = -3*n, -v + 5*v + n - 900 = 0. Let c = v + -221. What is the highest common factor of 33 and c?
3
Let c = -7658 + 7688. What is the highest common divisor of 5505 and c?
15
Let k be 9/4*-2 - 63/(-42). Let o be -3 + 1 + (3 - -3 - k). What is the highest common factor of o and 28?
7
Let r(k) = -k**2 + 6*k + 23. Let s be r(9). Let h be (2600/5)/(-4)*s. What is the highest common divisor of 65 and h?
65
Suppose -4*z - 20 = 0, 2*d - 2499 + 1457 = 4*z. What is the greatest common divisor of d and 2?
1
Suppose -t = 1, 0*t - 7 = -2*o - t. Let f be o/22 - 357/(-33). Suppose -3*x + f = -4. What is the greatest common divisor of x and 40?
5
Let p = -255 - -170. Let b = p - -120. Calculate the highest common divisor of 70 and b.
35
Suppose -2828*b + 2673*b + 139500 = 0. What is the greatest common factor of b and 1900?
100
Let u(q) = q**2 + 4*q - 7. Let l be u(-5). Let i be 6/(48/(-212))*l. Suppose 6*t - 193 = i. Calculate the highest common factor of 328 and t.
41
Let x = 2 - -4. Let s be 5550/(-345) + (-4)/(-46). Let r = s - -31. Calculate the greatest common divisor of x and r.
3
Let v be (-5)/(-25) - (-712)/(-10). Let a = -71 - v. Suppose -4*l - 5*q + 157 = 0, a*q + 15 = 3*q. Calculate the greatest common divisor of 11 and l.
11
Let j = -109 - -109. Suppose -p + h + j*h + 13 = 0, h = -3. What is the highest common divisor of p and 50?
10
Suppose 3*b + 5*y - 582 = 10*y, -558 = -3*b - 3*y. What is the highest common divisor of b and 42?
21
Let c be 4/(-7)*(-385)/22. Suppose -6*z + 32 = -16. Let y be (4/c)/(z/680). What is the highest common divisor of 85 and y?
17
Let b be (2/5)/(1878/375 - 5). What is the highest common divisor of b and 12850?
50
Suppose -5*j = 369 - 59. Let y = -35 - j. Let g(m) = 6*m**2 + m - 10. Let c be g(-5). What is the greatest common divisor of y and c?
27
Suppose -103*g + 315 = -106*g. Let c be -5 - -3 - g - 2 - -4. What is the highest common divisor of c and 21?
21
Let g be (-7)/(-28) - 6390/(-8). Let k = 1121 - g. What is the greatest common divisor of 92 and k?
46
Let s = -1 + 172. Suppose -2*v = 0, 76 = -49*f + 53*f - 3*v. Calculate the highest common divisor of f and s.
19
Let p be (19/((-133)/78932))/(-2). Suppose -p = -5*j - m, 1315 = j - 4*m + 179. Calculate the greatest common factor of 24 and j.
24
Let g be 924/46 + (-52)/598. Let r be (-4669)/(-28) + g/16. What is the highest common factor of 7 and r?
7
Let j(l) = -l**3 + 22*l**2 + 460*l + 46. Let k be j(-16). Calculate the greatest common divisor of k and 994.
142
Let m(q) = 331*q - 2296. Let h be m(7). Let a be 2/(-7) - 1863/21. Let n be -5 - a - (-1 - -1). Calculate the greatest common divisor of h and n.
21
Suppose -3*o + 2*j - 7*j = -60, 0 = 4*o + j - 63. Let d be 6/o + 9/15. Calculate the highest common divisor of d and 33.
1
Let h be (-9)/(-24) + 29/8. Let d be (-4)/(-6) - (-14)/6. Suppose -3*t + 29 = v, -v - 4 = d*v. Calculate the greatest common divisor of t and h.
2
Let